[INFO] cloning repository https://github.com/pedrosland/prost-test
[INFO] running `Command { std: "git" "-c" "credential.helper=" "-c" "credential.helper=/workspace/cargo-home/bin/git-credential-null" "clone" "--bare" "https://github.com/pedrosland/prost-test" "/workspace/cache/git-repos/https%3A%2F%2Fgithub.com%2Fpedrosland%2Fprost-test", kill_on_drop: false }`
[INFO] [stderr] Cloning into bare repository '/workspace/cache/git-repos/https%3A%2F%2Fgithub.com%2Fpedrosland%2Fprost-test'...
[INFO] running `Command { std: "git" "rev-parse" "HEAD", kill_on_drop: false }`
[INFO] [stdout] f1e9d3b664d67e5026572c48f41fc84f454502ee
[INFO] checking pedrosland/prost-test against try#72f88fc4e9458f89516a0b8b0868f3718aec5b47 for pr-74989
[INFO] running `Command { std: "git" "clone" "/workspace/cache/git-repos/https%3A%2F%2Fgithub.com%2Fpedrosland%2Fprost-test" "/workspace/builds/worker-8/source", kill_on_drop: false }`
[INFO] [stderr] Cloning into '/workspace/builds/worker-8/source'...
[INFO] [stderr] done.
[INFO] validating manifest of git repo https://github.com/pedrosland/prost-test on toolchain 72f88fc4e9458f89516a0b8b0868f3718aec5b47
[INFO] running `Command { std: "/workspace/cargo-home/bin/cargo" "+72f88fc4e9458f89516a0b8b0868f3718aec5b47" "read-manifest" "--manifest-path" "Cargo.toml", kill_on_drop: false }`
[INFO] started tweaking git repo https://github.com/pedrosland/prost-test
[INFO] finished tweaking git repo https://github.com/pedrosland/prost-test
[INFO] tweaked toml for git repo https://github.com/pedrosland/prost-test written to /workspace/builds/worker-8/source/Cargo.toml
[INFO] crate git repo https://github.com/pedrosland/prost-test already has a lockfile, it will not be regenerated
[INFO] running `Command { std: "/workspace/cargo-home/bin/cargo" "+72f88fc4e9458f89516a0b8b0868f3718aec5b47" "fetch" "--locked" "--manifest-path" "Cargo.toml", kill_on_drop: false }`
[INFO] [stderr]  Downloading crates ...
[INFO] [stderr]   Downloaded which v2.0.1
[INFO] [stderr]   Downloaded prost-derive v0.5.0
[INFO] [stderr]   Downloaded prost v0.5.0
[INFO] [stderr]   Downloaded petgraph v0.4.13
[INFO] [stderr]   Downloaded multimap v0.4.0
[INFO] [stderr]   Downloaded itertools v0.8.0
[INFO] [stderr]   Downloaded syn v0.15.32
[INFO] [stderr]   Downloaded prost-types v0.5.0
[INFO] [stderr]   Downloaded rustc-demangle v0.1.14
[INFO] [stderr]   Downloaded backtrace v0.3.15
[INFO] [stderr]   Downloaded proc-macro2 v0.4.28
[INFO] [stderr]   Downloaded prost-build v0.5.0
[INFO] running `Command { std: "docker" "create" "-v" "/var/lib/crater-agent-workspace/builds/worker-8/target:/opt/rustwide/target:rw,Z" "-v" "/var/lib/crater-agent-workspace/builds/worker-8/source:/opt/rustwide/workdir:ro,Z" "-v" "/var/lib/crater-agent-workspace/cargo-home:/opt/rustwide/cargo-home:ro,Z" "-v" "/var/lib/crater-agent-workspace/rustup-home:/opt/rustwide/rustup-home:ro,Z" "-e" "SOURCE_DIR=/opt/rustwide/workdir" "-e" "CARGO_TARGET_DIR=/opt/rustwide/target" "-e" "CARGO_HOME=/opt/rustwide/cargo-home" "-e" "RUSTUP_HOME=/opt/rustwide/rustup-home" "-w" "/opt/rustwide/workdir" "-m" "1610612736" "--user" "0:0" "--network" "none" "rustops/crates-build-env@sha256:d92eaeed33fa75130ca1ee6c8a01d1ffb62bac859dfdfb3450e3e5d1c0146529" "/opt/rustwide/cargo-home/bin/cargo" "+72f88fc4e9458f89516a0b8b0868f3718aec5b47" "metadata" "--no-deps" "--format-version=1", kill_on_drop: false }`
[INFO] [stdout] 65ad41718bfd1ba8d1655689321bad3cc8aca28421f7da4b22648418ce10b025
[INFO] [stderr] WARNING: Your kernel does not support swap limit capabilities or the cgroup is not mounted. Memory limited without swap.
[INFO] running `Command { std: "docker" "start" "-a" "65ad41718bfd1ba8d1655689321bad3cc8aca28421f7da4b22648418ce10b025", kill_on_drop: false }`
[INFO] running `Command { std: "docker" "inspect" "65ad41718bfd1ba8d1655689321bad3cc8aca28421f7da4b22648418ce10b025", kill_on_drop: false }`
[INFO] running `Command { std: "docker" "rm" "-f" "65ad41718bfd1ba8d1655689321bad3cc8aca28421f7da4b22648418ce10b025", kill_on_drop: false }`
[INFO] [stdout] 65ad41718bfd1ba8d1655689321bad3cc8aca28421f7da4b22648418ce10b025
[INFO] running `Command { std: "docker" "create" "-v" "/var/lib/crater-agent-workspace/builds/worker-8/target:/opt/rustwide/target:rw,Z" "-v" "/var/lib/crater-agent-workspace/builds/worker-8/source:/opt/rustwide/workdir:ro,Z" "-v" "/var/lib/crater-agent-workspace/cargo-home:/opt/rustwide/cargo-home:ro,Z" "-v" "/var/lib/crater-agent-workspace/rustup-home:/opt/rustwide/rustup-home:ro,Z" "-e" "SOURCE_DIR=/opt/rustwide/workdir" "-e" "CARGO_TARGET_DIR=/opt/rustwide/target" "-e" "CARGO_INCREMENTAL=0" "-e" "RUST_BACKTRACE=full" "-e" "RUSTFLAGS=--cap-lints=forbid" "-e" "CARGO_HOME=/opt/rustwide/cargo-home" "-e" "RUSTUP_HOME=/opt/rustwide/rustup-home" "-w" "/opt/rustwide/workdir" "-m" "1610612736" "--user" "0:0" "--network" "none" "rustops/crates-build-env@sha256:d92eaeed33fa75130ca1ee6c8a01d1ffb62bac859dfdfb3450e3e5d1c0146529" "/opt/rustwide/cargo-home/bin/cargo" "+72f88fc4e9458f89516a0b8b0868f3718aec5b47" "check" "--frozen" "--all" "--all-targets" "--message-format=json", kill_on_drop: false }`
[INFO] [stdout] 75a2af9e36f6b9d204ffc294a308598c48156d61efe303fe277e6fadcf56bb06
[INFO] [stderr] WARNING: Your kernel does not support swap limit capabilities or the cgroup is not mounted. Memory limited without swap.
[INFO] running `Command { std: "docker" "start" "-a" "75a2af9e36f6b9d204ffc294a308598c48156d61efe303fe277e6fadcf56bb06", kill_on_drop: false }`
[INFO] [stderr]    Compiling autocfg v0.1.2
[INFO] [stderr]    Compiling libc v0.2.51
[INFO] [stderr]    Compiling rustc-demangle v0.1.14
[INFO] [stderr]    Compiling rand_core v0.4.0
[INFO] [stderr]    Compiling byteorder v1.3.1
[INFO] [stderr]    Compiling syn v0.15.32
[INFO] [stderr]    Compiling either v1.5.2
[INFO] [stderr]    Compiling fixedbitset v0.1.9
[INFO] [stderr]    Compiling unicode-segmentation v1.2.1
[INFO] [stderr]    Compiling remove_dir_all v0.5.1
[INFO] [stderr]    Compiling multimap v0.4.0
[INFO] [stderr]    Compiling log v0.4.6
[INFO] [stderr]    Compiling proc-macro2 v0.4.28
[INFO] [stderr]    Compiling itertools v0.8.0
[INFO] [stderr]    Compiling petgraph v0.4.13
[INFO] [stderr]    Compiling rand_core v0.3.1
[INFO] [stderr]    Compiling rand_jitter v0.1.3
[INFO] [stderr]    Compiling heck v0.3.1
[INFO] [stderr]    Compiling rand_hc v0.1.0
[INFO] [stderr]    Compiling rand_xorshift v0.1.1
[INFO] [stderr]    Compiling rand_isaac v0.1.1
[INFO] [stderr]    Compiling backtrace v0.3.15
[INFO] [stderr]    Compiling rand_pcg v0.1.2
[INFO] [stderr]    Compiling rand_chacha v0.1.1
[INFO] [stderr]    Compiling rand v0.6.5
[INFO] [stderr]    Compiling quote v0.6.12
[INFO] [stderr]    Compiling backtrace-sys v0.1.28
[INFO] [stderr]    Compiling iovec v0.1.2
[INFO] [stderr]    Compiling rand_os v0.1.3
[INFO] [stderr]    Compiling bytes v0.4.12
[INFO] [stderr]    Compiling failure v0.1.5
[INFO] [stderr]    Compiling which v2.0.1
[INFO] [stderr]    Compiling prost-build v0.5.0
[INFO] [stderr]    Compiling tempfile v3.0.7
[INFO] [stderr]    Compiling prost-derive v0.5.0
[INFO] [stderr]    Compiling prost v0.5.0
[INFO] [stderr]    Compiling prost-types v0.5.0
[INFO] [stderr]    Compiling proc-test v0.1.0 (/opt/rustwide/workdir)
[INFO] [stdout] error: expected identifier, found `::`
[INFO] [stdout]    --> /opt/rustwide/target/debug/build/proc-test-cb7bfb1c6006e562/out/google.datastore.v1.rs:121:32
[INFO] [stdout]     |
[INFO] [stdout] 121 |     #[derive(Clone, PartialEq, ::prost::Oneof)]
[INFO] [stdout]     |                                ^^^^^^^^^^^^^^
[INFO] [stdout]     |                                |
[INFO] [stdout]     |                                expected identifier
[INFO] [stdout]     |                                while parsing this match expression
[INFO] [stdout]     |
[INFO] [stdout]     = note: this error originates in a derive macro (in Nightly builds, run with -Z macro-backtrace for more info)
[INFO] [stdout] 
[INFO] [stdout] 
[INFO] [stdout] error: proc-macro derive produced unparseable tokens
[INFO] [stdout]    --> /opt/rustwide/target/debug/build/proc-test-cb7bfb1c6006e562/out/google.datastore.v1.rs:121:32
[INFO] [stdout]     |
[INFO] [stdout] 121 |     #[derive(Clone, PartialEq, ::prost::Oneof)]
[INFO] [stdout]     |                                ^^^^^^^^^^^^^^
[INFO] [stdout] 
[INFO] [stdout] 
[INFO] [stdout] error: expected identifier, found `::`
[INFO] [stdout]    --> /opt/rustwide/target/debug/build/proc-test-cb7bfb1c6006e562/out/google.datastore.v1.rs:121:32
[INFO] [stdout]     |
[INFO] [stdout] 121 |     #[derive(Clone, PartialEq, ::prost::Oneof)]
[INFO] [stdout]     |                                ^^^^^^^^^^^^^^
[INFO] [stdout]     |                                |
[INFO] [stdout]     |                                expected identifier
[INFO] [stdout]     |                                while parsing this match expression
[INFO] [stdout]     |
[INFO] [stdout]     = note: this error originates in a derive macro (in Nightly builds, run with -Z macro-backtrace for more info)
[INFO] [stdout] 
[INFO] [stdout] 
[INFO] [stdout] error: proc-macro derive produced unparseable tokens
[INFO] [stdout]    --> /opt/rustwide/target/debug/build/proc-test-cb7bfb1c6006e562/out/google.datastore.v1.rs:121:32
[INFO] [stdout]     |
[INFO] [stdout] 121 |     #[derive(Clone, PartialEq, ::prost::Oneof)]
[INFO] [stdout]     |                                ^^^^^^^^^^^^^^
[INFO] [stdout] 
[INFO] [stdout] 
[INFO] [stdout] error[E0433]: failed to resolve: there are too many leading `super` keywords
[INFO] [stdout]    --> /opt/rustwide/target/debug/build/proc-test-cb7bfb1c6006e562/out/google.datastore.v1.rs:156:37
[INFO] [stdout]     |
[INFO] [stdout] 156 |         GeoPointValue(super::super::super::r#type::LatLng),
[INFO] [stdout]     |                                     ^^^^^ there are too many leading `super` keywords
[INFO] [stdout] 
[INFO] [stdout] 
[INFO] [stdout] error[E0433]: failed to resolve: there are too many leading `super` keywords
[INFO] [stdout]    --> /opt/rustwide/target/debug/build/proc-test-cb7bfb1c6006e562/out/google.datastore.v1.rs:156:37
[INFO] [stdout]     |
[INFO] [stdout] 156 |         GeoPointValue(super::super::super::r#type::LatLng),
[INFO] [stdout]     |                                     ^^^^^ there are too many leading `super` keywords
[INFO] [stdout] 
[INFO] [stdout] 
[INFO] [stdout] error[E0283]: type annotations needed
[INFO] [stdout]    --> /opt/rustwide/target/debug/build/proc-test-cb7bfb1c6006e562/out/google.datastore.v1.rs:121:32
[INFO] [stdout]     |
[INFO] [stdout] 121 |     #[derive(Clone, PartialEq, ::prost::Oneof)]
[INFO] [stdout]     |                                ^^^^^^^^^^^^^^ consider giving `value` a type
[INFO] [stdout]     |
[INFO] [stdout]     = note: cannot satisfy `_: Default`
[INFO] [stdout]     = note: required by `std::default::Default::default`
[INFO] [stdout]     = note: this error originates in a derive macro (in Nightly builds, run with -Z macro-backtrace for more info)
[INFO] [stdout] 
[INFO] [stdout] 
[INFO] [stderr] error: could not compile `proc-test`.
[INFO] [stdout] error: aborting due to 4 previous errors
[INFO] [stdout] 
[INFO] [stdout] 
[INFO] [stderr] 
[INFO] [stdout] Some errors have detailed explanations: E0283, E0433.
[INFO] [stdout] 
[INFO] [stderr] To learn more, run the command again with --verbose.
[INFO] [stdout] For more information about an error, try `rustc --explain E0283`.
[INFO] [stdout] 
[INFO] [stderr] warning: build failed, waiting for other jobs to finish...
[INFO] [stdout] error[E0283]: type annotations needed
[INFO] [stdout]    --> /opt/rustwide/target/debug/build/proc-test-cb7bfb1c6006e562/out/google.datastore.v1.rs:121:32
[INFO] [stdout]     |
[INFO] [stdout] 121 |     #[derive(Clone, PartialEq, ::prost::Oneof)]
[INFO] [stdout]     |                                ^^^^^^^^^^^^^^ consider giving `value` a type
[INFO] [stdout]     |
[INFO] [stdout]     = note: cannot satisfy `_: Default`
[INFO] [stdout]     = note: required by `std::default::Default::default`
[INFO] [stdout]     = note: this error originates in a derive macro (in Nightly builds, run with -Z macro-backtrace for more info)
[INFO] [stdout] 
[INFO] [stdout] 
[INFO] [stdout] error: aborting due to 4 previous errors
[INFO] [stdout] 
[INFO] [stdout] 
[INFO] [stdout] Some errors have detailed explanations: E0283, E0433.
[INFO] [stdout] 
[INFO] [stdout] For more information about an error, try `rustc --explain E0283`.
[INFO] [stdout] 
[INFO] [stderr] error: build failed
[INFO] running `Command { std: "docker" "inspect" "75a2af9e36f6b9d204ffc294a308598c48156d61efe303fe277e6fadcf56bb06", kill_on_drop: false }`
[INFO] running `Command { std: "docker" "rm" "-f" "75a2af9e36f6b9d204ffc294a308598c48156d61efe303fe277e6fadcf56bb06", kill_on_drop: false }`
[INFO] [stdout] 75a2af9e36f6b9d204ffc294a308598c48156d61efe303fe277e6fadcf56bb06
